-1*o/(3/15). What are the prime factors of (-30)/(-4)*4/t?
2, 3
Suppose 4*k + 77 = 245. List the prime factors of k.
2, 3, 7
Suppose 0 = 5*t + 11 + 14. List the prime factors of 4*-2*t/2.
2, 5
Suppose 5*w = 3*v + 11, 7 = 3*v - 2. Suppose -11 - w = -5*p. Suppose -4*s - p = 3*o - 18, 0 = -2*s. What are the prime factors of o?
5
Let y(h) = -h**3 + 9*h**2 + 10*h + 4. Let a be y(10). List the prime factors of (a/4*-14)/(-1).
2, 7
Let i be 6*(-3)/(-6)*5. Suppose 3*f - 6 = i. What are the prime factors of f?
7
Let m(h) = h**3 - 6*h**2 - 5*h - 17. What are the prime factors of m(8)?
71
Let c be -2*(5/(-2) - 0). Let m be 2/c + (-168)/(-5). Suppose 0*a + 5*a - m = 2*f, 4*f + 8 = 0. What are the prime factors of a?
2, 3
Suppose -3*k + 252 = -v, -v = 4*k - 0*v - 343. What are the prime factors of k?
5, 17
Suppose 5*x - 3 = 7. Suppose 5*i = -3*h + 73, 0*h = x*h - 2*i - 70. Let w = -16 + h. What are the prime factors of w?
3, 5
Suppose 3*a + r + 2 = 12, -4*a - 12 = -5*r. Suppose 0 = 3*c + 2*c + a*y - 64, y + 3 = 0. List the prime factors of c.
2, 7
Suppose 0*m + 2*m - 6 = 0. Suppose -2*i = -4*i. Let s = m - i. What are the prime factors of s?
3
Let x(f) = 3*f + 102. List the prime factors of x(0).
2, 3, 17
Let f(q) = q**3 - 6*q**2 + 3*q - 4. Let l(c) = -3*c - 1. Let v be l(-2). Let a = v + 1. List the prime factors of f(a).
2, 7
Suppose -11*d + 90 = -8*d. List the prime factors of d.
2, 3, 5
Suppose 0*w + 10 = 2*w. Let f(q) = 4*q**3 - w*q**2 + 5*q - 2 - 7 - 5*q**3 - q**2. List the prime factors of f(-7).
5
Let l(f) = -f**3 - 4*f**2 + 2. Let i be l(-3). Let t(b) = b**2 + 9*b + 8. Let j be t(i). What are the prime factors of (-8)/(j/(-27)*-3)?
2, 3
Suppose y - 6*y = -350. List the prime factors of y.
2, 5, 7
Let h be (3/2)/(1/28). What are the prime factors of h/4*4/6?
7
Let r = 33 - 19. Suppose -r = -4*d + 3*d. Suppose -d = -n - n. List the prime factors of n.
7
Let o = 23 + -75. Let r = o + 75. What are the prime factors of r?
23
Suppose 4*w - 8*w - 8 = 0. Let u be 2 - 0 - w/(-2). What are the prime factors of ((-3)/(-4))/(u/8)?
2, 3
Suppose -x - 10 + 142 = 0. What are the prime factors of x?
2, 3, 11
Let y(d) be the second derivative of -d**5/20 - d**4/4 - d**3/6 + 2*d**2 + d. What are the prime factors of y(-3)?
7
Suppose -12*a + 3*a + 3564 = 0. What are the prime factors of a?
2, 3, 11
Let b = -1 + 6. Suppose -24 = -b*t + 86. Suppose 87 = 5*v + t. What are the prime factors of v?
13
Suppose -5*d = m + 30, 4*d - 12 = 3*m + 2. Suppose -z - 14 = 2*r - 6*z, -4*z + 52 = -4*r. Let t = m - r. What are the prime factors of t?
7
Let f = -192 + 323. List the prime factors of f.
131
Suppose 2*m - m - 4*w - 18 = 0, m + w - 3 = 0. List the prime factors of m.
2, 3
Let u(h) = 6*h - 16. What are the prime factors of u(19)?
2, 7
Suppose 5*t + 38 = 198. What are the prime factors of t?
2
Let u(n) = -n**3 + n**2 + 2*n + 1. Let m be u(-2). Let o = m + -6. Let z = o + 0. List the prime factors of z.
3
Suppose -x + 5*x = -5*k + 133, -x + 3*k = -46. List the prime factors of x.
37
Let v(t) = t**3 + 8*t**2 + t + 11. Let i be v(-8). Suppose -c = 5*x - 5*c - 23, -c = -i*x + 18. What are the prime factors of x?
7
Let n be 6 + -6 + (-1 - -3). Suppose -88 = -n*v + 3*l, -4*v - l = -108 - 82. List the prime factors of v.
47
Let s(q) = -2*q. Let k be s(-4). Let z = k + -5. Suppose -2*t + 13 = -5*f, z*t - 3*f - 6 = 2*t. List the prime factors of t.
3
Let x be (-4 - 4/2)*2. Let z be (-2)/x + 70/12. Suppose 10 = -o + z*o. List the prime factors of o.
2
Suppose -d - 3 + 17 = 0. List the prime factors of d.
2, 7
Let h = 100 - 19. List the prime factors of h.
3
Let t = 8 - 3. Suppose -7 = -t*d + 28. What are the prime factors of d?
7
Let k be (-285)/(-3) + 1*-1. Let p(m) = -m**3 - m + 1. Let n be p(0). What are the prime factors of n/4 - k/(-8)?
2, 3
Let b(z) = -z + 5. Let i be b(0). Suppose 5*r - 29 - 106 = -i*h, 4*r - 122 = 3*h. Suppose 5*t - 15 = -5*o, -o = -4*o + 2*t + r. List the prime factors of o.
7
Let r = 2 - 3. What are the prime factors of (r - -5) + -2 - -8?
2, 5
Suppose -3*j + 6 = -2*j. Suppose -4*h - 8 = -2*o, -2*h - 3*h = 3*o + 10. Suppose -3*m + j + 0 = o. What are the prime factors of m?
2
Let c(y) = -y**2 - 2*y + 4. Let b be c(-3). Let l(i) = i**3 - 8*i**2 + 8*i - 4. Let x be l(7). List the prime factors of (b + 29)/x - -1.
11
Let j(n) = -4*n - 8. Suppose -5*t - 1 = 3*o, -5*o = -2*o + 3*t + 9. Let f be j(o). Suppose 5*c - 5*q - 68 = 2*c, -c = q - f. What are the prime factors of c?
3, 7
Let v = 59 + 40. List the prime factors of v.
3, 11
Suppose -10*r = 488 - 1768. What are the prime factors of r?
2
Suppose 3*h + 8 = 3*r + r, 5*r = 2*h + 10. List the prime factors of (h + 1 - 3) + 4.
2
Suppose w = 3*n - 227, n + 7*w - 3*w = 54. Suppose n = 4*u + 26. What are the prime factors of (-3)/u + (-49)/(-4)?
2, 3
Let j(z) be the third derivative of z**5/30 + z**4/4 - z**3 - 8*z**2. List the prime factors of j(-5).
2, 7
Suppose -3*b = 3 - 9. Suppose -b*d - 3*d = -240. What are the prime factors of d?
2, 3
Let c(w) = 17*w - 2. Let q be c(6). Suppose -x = -5*x + q. List the prime factors of x.
5
Let q be (-2)/(-11) + (-168)/(-44). List the prime factors of ((-30)/q)/((-3)/6).
3, 5
Let h = 6 + -5. What are the prime factors of -3 + 15/h + -3?
3
Suppose t + 5*r = 0, 0 = 3*t - t - 3*r - 13. Suppose -4*y - 88 = -3*m, m + t*y - 2 = 21. List the prime factors of m.
2, 7
Let v(l) = 15*l + 13. List the prime factors of v(6).
103
What are the prime factors of (-12)/(-54) + (-1420)/(-9)?
2, 79
Suppose -r = t - 24, 2*r - 30 - 22 = 2*t. List the prime factors of r.
5
Let x = 93 - -52. List the prime factors of x.
5, 29
Suppose 0 = -2*a - 2, 0*a - 9 = -3*n + 3*a. Suppose -n*y - 23 = -75. What are the prime factors of y?
2, 13
Suppose 0 = -5*w + 194 - 14. List the prime factors of w.
2, 3
Suppose j - 3*j + 112 = 0. List the prime factors of j.
2, 7
Let y = 38 - 46. Let i = -33 - -50. Let l = i + y. List the prime factors of l.
3
Let v = 10 - 4. Let s(r) = 2*r + 1. Let i be s(v). Suppose -5*u = -27 - i. What are the prime factors of u?
2
Suppose 4*g + 2 - 10 = 0. Suppose o = g + 7. What are the prime factors of o?
3
Let g be 0/(2/2 + -2). Suppose -7*p + 4*p = -93. Suppose -d - 3*k - 1 = 2*k, g = 2*d - k - p. List the prime factors of d.
2, 7
Let l(c) = -c - 46. Let w be l(0). Let p = w + 32. List the prime factors of (-4)/(-6) + p/(-6).
3
Suppose -5*z + 165 = -0*z + 5*r, 4*z - 3*r = 118. What are the prime factors of z?
31
Let y(z) = 6*z - 6. Let c be y(-3). Let v = -8 - c. What are the prime factors of v?
2
Suppose 2*l + 2*l = -3*p + 191, -3*l + 142 = 2*p. Suppose -2*m + l = x + 2, 151 = 3*x + m. What are the prime factors of x?
2, 13
Let s be (-12)/(-9)*(-3)/(-2). Let z = 6 + s. Suppose 0 = -t + u - 3 + 2, 4*t + z = 5*u. What are the prime factors of t?
3
Let v = 8 - 6. Let o(j) = 0*j - 4*j**3 - j**v + 3*j**3 + j + 22. List the prime factors of o(0).
2, 11
What are the prime factors of (-2 - -323)*34/51?
2, 107
Let t = -14 + 47. Let l = t - 17. List the prime factors of l.
2
Let a = 6 + -1. Suppose -101 = -2*n - n + 4*l, l + 140 = a*n. List the prime factors of n.
3
Let c(g) be the second derivative of g**4/12 - 89*g**2 - g. Let u be c(0). List the prime factors of u/(-14) - (-4)/14.
13
Suppose 5*r = -10, -4*p + 0*r + 112 = 4*r. List the prime factors of p.
2, 3, 5
Let a = 5 - -5. Let g = -3 + 1. Let c = g + a. What are the prime factors of c?
2
Let w = 24 + -13. Suppose 2*p = 13 + 27. Let v = p - w. List the prime factors of v.
3
Let f(i) = -i**3 + 9*i**2 + i + 8. What are the prime factors of f(9)?
17
Let n be 7/7*0/2. What are the prime factors of 110/5 - (n + -1)?
23
Suppose -s - 3*s + 116 = 0. What are the prime factors of s?
29
Let n be (3 + -4)*(8 - 1). Let q = n + 12. Let v = 11 - q. What are the prime factors of v?
2, 3
Suppose 0 = x + 2*x - 15. Let m = x + -2. Suppose -m*j = -0*j - 45. List the prime factors of j.
3, 5
Let n be 5*(-9)/(-3)*1. Suppose -v - 16 - 25 = -4*u, 5*v - n = -2*u. List the prime factors of u.
2, 5
Let l = 21 - 20. What are the prime factors of (l + -3)/(1*-1)?
2
Suppose a - 2*a + 7 = 0. Let r = -1 + a. What are the prime factors of r?
2, 3
Let v = 9 + -11. Let y = -20 - -14. What are the prime factors of (-5 - -8)/(v/y)?
3
Let v be 1 + -3 - 36/(-1). Suppose 4*